6 - 255. Let x = 86 - h. Suppose -6*u + 11 = -x. What is the remainder when 6 is divided by u?
2
Let u(b) = -422*b + 27. Let f be u(-4). Let g be ((f/21)/(-7))/((-2)/6). Let a = g - 31. Calculate the remainder when a is divided by 3.
1
Suppose 2*h - 95 = z, -10*h + 7*h + 149 = 5*z. What is the remainder when h is divided by 27?
21
Suppose 2*l - 4*b - 3 - 9 = 0, 3*b = 5*l - 51. Let q = l + 10. Let z = 27 - q. Calculate the remainder when 18 is divided by z.
3
Let b be -2 + 0/(-5) + 81. Let n = b + -76. Suppose -4*u = -2*o + 24, 4*o + n*u = 4*u + 20. What is the remainder when 24 is divided by o?
0
Suppose -2*r + 2054 = -4*s, -4*r = -s - 4159 + 72. What is the remainder when r is divided by 16?
13
Calculate the remainder when (6144/10)/((-429)/(-1430)) is divided by 19.
15
Suppose -3*d + 97 = v - 34, 472 = 4*v - d. Calculate the remainder when 502 is divided by v.
26
Suppose -o + 202 = -x, -3*x = -5*o - x + 1007. Let s = -623 + 635. Calculate the remainder when o is divided by s.
9
Suppose -37*b = -w - 24*b - 124, -3*w + 4*b = -13. Suppose 3*d + i - 27 = 0, 2*i - 4 = -2*d + 18. Let o = d - 4. What is the remainder when w is divided by o?
3
Let i(h) = 11*h**2 + 3*h - 6. Let o be i(2). Let k = o + -42. Suppose -4*l + 3*d - 1 = -5*l, 0 = 5*l - k*d - 5. Calculate the remainder when 9 is divided by l.
0
Let i(b) = b**3 - 6*b**2 + b + 16. Let c be i(5). Let z be (16/(-24))/(c/6) - -4. Calculate the remainder when 0 - -5 - (z - 159) is divided by 20.
19
Suppose 0 = -45*v + 43*v + 4*w + 24, -5*w = -5*v + 45. Calculate the remainder when 212 is divided by v.
2
Suppose 4*f + 0*r - 7 = -3*r, -f = -r - 7. Suppose -3*p + 16 = f. Suppose -k + w = 3*w - 36, -4*k + p*w = -96. What is the remainder when 55 is divided by k?
27
Suppose 0 = 4*w + 5*d - 3878, 155*d - 158*d = 4*w - 3890. Calculate the remainder when w is divided by 70.
67
Let b = -95 + -43. Let q = -1 - -3. Let y = q - b. What is the remainder when y is divided by 47?
46
Suppose -27*l + 22*l + 15058 = m, 7*m - 105216 = 3*l. What is the remainder when m is divided by 42?
39
Let w be (-13)/(39/(-18)) + -1946. Calculate the remainder when w/(-28) - (-22)/(-77) is divided by 10.
9
Let g(v) = 188*v + 3962. What is the remainder when 1945 is divided by g(-21)?
13
Suppose 8*c + 23*c + 11*c - 1596 = 0. Calculate the remainder when 1175 is divided by c.
35
Let f(a) = 9*a**2 - 1. Let m(w) = w**2 + 11*w + 22. Let y be m(-7). What is the remainder when ((-8)/y)/((-40)/(-4140)) is divided by f(2)?
33
Let z(p) = p**2 - 76*p - 33. Calculate the remainder when z(-27) is divided by 172.
168
Let w(c) = c**3 + 19*c**2 + 34*c + 28. Let p be w(-17). Let d(o) = -o**3 + 27*o**2 + 26*o + 64. What is the remainder when 135 is divided by d(p)?
7
Let t = 38683 - 38478. Calculate the remainder when 1839 is divided by t.
199
Let z = -10959 - -11140. Calculate the remainder when z is divided by 36.
1
Let a(d) = 36*d**3 + 190*d**2 + 14*d + 8. Calculate the remainder when a(-5) is divided by 86.
16
Let k be 2 - (-6 + (-56)/(-12))*48. Suppose 0 = 5*f - k + 6. What is the remainder when 126 is divided by f?
6
Let m(q) = -25*q + 49. Let t be m(2). Calculate the remainder when 62 is divided by 32 - (11/(-5) + t/(-5)).
28
Suppose 5*r = -0*r. Suppose r = -6*q + 14 + 64. Let v = q + 1. Calculate the remainder when v is divided by 5.
4
Let w(d) = 65*d + 272. Suppose 105 = -81*j + 88*j. Calculate the remainder when w(j) is divided by 24.
23
Let g(l) = -10*l - 98. Let q = -400 - -389. Calculate the remainder when 187 is divided by g(q).
7
Suppose 0 = -23*y + 9*y - 22*y - 1404. Suppose 5*o + 59 = -4*a, -2*o + 2*a = 4*a + 24. Let n = o - y. What is the remainder when 137 is divided by n?
25
Suppose 0 = -6*f + 3 + 15. Suppose -3*i + 33 + 47 = 4*t, 60 = 3*t + f*i. What is the remainder when 75 is divided by t?
15
Let q(n) = -2*n + 3. Suppose p + 109*x = 108*x + 658, 18 = -3*x. What is the remainder when p is divided by q(-13)?
26
Suppose 0 = -a + 3*g + 14, -3*g - 19 = -5*a - 5*g. Suppose 256 = a*t - 34. Calculate the remainder when t is divided by 30*1*(-2)/(-5).
10
Let l = 387 - 221. Suppose -27*u - 138 = -145 - 830. Calculate the remainder when l is divided by u.
11
Suppose 25 = 5*o, 7*o = -21*g + 25*g - 1401. Calculate the remainder when g is divided by 190.
169
Let r be 19/(116/(-20) + 6). Suppose 0 = 20*y - 21*y + r. Calculate the remainder when y is divided by 13.
4
Suppose 0 = -3*r - 0*k - 2*k + 9, -r + 2*k = 5. Suppose -5 + r = z. Let d(v) = -7*v - 6. What is the remainder when 85 is divided by d(z)?
19
Suppose -212 = -52*o - 4. Suppose 61 = o*a - 87. Calculate the remainder when 88 is divided by a.
14
Let a(v) = -91*v - 6*v**2 + 9 + 86*v + 4*v**2. Let g be a(-5). Calculate the remainder when 22 is divided by (-20 - g) + (8 - -1).
2
Let o(v) = -v**3 - 13*v**2 - 29*v + 15. What is the remainder when o(-15) is divided by 64?
4
Let x(y) = -y**3 - 18*y**2 - 14*y - 448. What is the remainder when x(-23) is divided by 21?
20
Suppose -2*o = -2*v - 758, 3*v + 1019 = 2*o + 257. Suppose -3*d + 229 = -30*n + 35*n, -o = -5*d - 5*n. Calculate the remainder when d is divided by 10.
3
Let u = -212 - -444. Calculate the remainder when u is divided by (-88)/66*(-354)/8.
55
What is the remainder when 275 is divided by -8 + 1568/70 + (-6)/15?
9
What is the remainder when 2/12*(-1206)/1005 - (-1991)/5 is divided by 177?
44
Suppose -150 = -59*y + 440. Let a = -70 - -104. Calculate the remainder when a is divided by y.
4
Let x(y) = -2*y + 35. Let z = 59 + -45. Let k be x(z). Suppose k*n - 13*n + 66 = 0. What is the remainder when 47 is divided by n?
3
Suppose 1195*j - 456 = 1191*j + 2500. Calculate the remainder when j is divided by 250.
239
Let d be (-54)/(-18) + 0/(-1). Suppose -4*i - 4 = -d*u, -13*u + 10 = -12*u + 3*i. What is the remainder when 66 is divided by u?
2
Let l = 4411 + -4013. Calculate the remainder when l is divided by 90.
38
Let i(t) = t**2 - 7*t - 3. Let h be i(6). Let x = h + 19. Suppose 0 = 5*y - y - 156. Calculate the remainder when y is divided by x.
9
Let b(x) = -4*x**3 + 5*x**2 - x**3 + 6*x**3 - 4 + 3. Let h be b(-4). Suppose 0 = 5*u - 110 + h. Calculate the remainder when 35 is divided by u.
16
Let a(g) = g**3 + 9*g**2 - 17*g + 2. Let n(i) = -i**2 + 12*i + 54. Let d be n(-4). What is the remainder when a(d) is divided by 13?
7
Suppose 154*r + 1300 = 15006. What is the remainder when 4538 is divided by r?
88
Let u(y) be the third derivative of -10/3*y**3 + 0 - 4*y**2 + 0*y + 1/3*y**4. Calculate the remainder when u(6) is divided by 15.
13
Let s(d) = 52*d - 1530. What is the remainder when s(36) is divided by 73?
50
Let p = 50 - 29. Suppose -27*f = -p*f + 18. What is the remainder when (-7245)/(-99) + (-2)/(-33)*f is divided by 19?
16
Let a = -320 + 481. Let o = 238 - a. What is the remainder when o/1 - (-6)/(-2) is divided by 19?
17
Let w(o) = -12*o + 1 + 0*o**2 + o**2 - 2*o**2. Let s = 163668 - 163453. What is the remainder when s is divided by w(-5)?
35
What is the remainder when 1729 is divided by 8580/(-90)*1*(-18)/4?
13
Suppose 418 + 134 = 23*a. Let s be 9/((-9)/(-6) + 0). What is the remainder when (-12)/2*(-46)/s is divided by a?
22
Suppose 38*n + 2244 = 40*n. Let p = -733 + n. Suppose -5*y - 4*j = -p, 5*j - 2 + 22 = 0. What is the remainder when y is divided by 21?
18
Calculate the remainder when 447 is divided by (21/6)/((3/(-6))/(-1) - 0).
6
Let p = -148 - -160. Suppose 3*r + p - 33 = 0. Calculate the remainder when 34 is divided by r.
6
Let f = -878 + 1265. What is the remainder when f is divided by 25?
12
Let h = 18805 - 18786. Calculate the remainder when 926 is divided by h.
14
What is the remainder when 182 is divided by (90/(-54))/((-1)/3) + 6 + -2?
2
Let a be (-2)/3 + 3/(81/72). Calculate the remainder when (-40 - -34)*(-27)/a is divided by 28.
25
What is the remainder when (-301940)/155*(2 + (-39)/6) is divided by 111?
108
Suppose -2*f = 5*f - 38*f + 111011. Calculate the remainder when f is divided by 28.
25
Suppose 3801 = 1011*l - 990*l. Calculate the remainder when l is divided by 1 - -61 - 0 - 1.
59
Let f(d) = -10*d - 14. Let b(k) = -2*k - 3. Let m(s) = -14*b(s) + 3*f(s). Suppose 8*n - 765 = -7*n. What is the remainder when n is divided by m(-14)?
23
Let y(c) = c - 6. Let j(u) = -2*u + 11. Let z(i) = -3*j(i)